is the remainder when 2508995 is divided by 71?
68
What is the remainder when 22375753 is divided by 1513?
1509
Calculate the remainder when 139809 is divided by 810.
489
What is the remainder when 4711422 is divided by 362403?
183
What is the remainder when 116230223 is divided by 2988?
11
What is the remainder when 2668505 is divided by 132?
125
Calculate the remainder when 31687 is divided by 8395.
6502
Calculate the remainder when 445750 is divided by 13486.
712
What is the remainder when 445366184 is divided by 5994?
5990
Calculate the remainder when 240794 is divided by 583.
15
What is the remainder when 11093651 is divided by 7785?
26
What is the remainder when 19781339 is divided by 193?
190
What is the remainder when 119921862 is divided by 15?
12
What is the remainder when 367211 is divided by 1116?
47
What is the remainder when 25608 is divided by 571?
484
What is the remainder when 3010695 is divided by 229?
32
Calculate the remainder when 95600 is divided by 8500.
2100
What is the remainder when 1041006 is divided by 58?
22
Calculate the remainder when 219521 is divided by 803.
302
What is the remainder when 5911 is divided by 4671?
1240
What is the remainder when 95572749 is divided by 1625?
1624
What is the remainder when 231554 is divided by 144?
2
Calculate the remainder when 1628796 is divided by 178.
96
Calculate the remainder when 21277 is divided by 1264.
1053
What is the remainder when 12158712 is divided by 759918?
24
Calculate the remainder when 240899050 is divided by 597.
595
What is the remainder when 812618 is divided by 221?
1
What is the remainder when 9278 is divided by 3458?
2362
What is the remainder when 1718748 is divided by 1036?
24
What is the remainder when 50392 is divided by 1674?
172
What is the remainder when 2051457 is divided by 227934?
51
Calculate the remainder when 12561 is divided by 3292.
2685
Calculate the remainder when 1333350 is divided by 159.
135
Calculate the remainder when 17714319 is divided by 7066.
6923
What is the remainder when 2485148 is divided by 2605?
2583
What is the remainder when 25740691 is divided by 69?
34
Calculate the remainder when 3151907 is divided by 787969.
31
What is the remainder when 23123147 is divided by 58?
55
What is the remainder when 7666971 is divided by 33?
15
Calculate the remainder when 2056288 is divided by 1665.
13
What is the remainder when 6291702 is divided by 191?
162
Calculate the remainder when 1419170 is divided by 6.
2
Calculate the remainder when 17196 is divided by 7540.
2116
Calculate the remainder when 305884 is divided by 15141.
3064
Calculate the remainder when 73094 is divided by 4818.
824
Calculate the remainder when 5070888 is divided by 4247.
4217
Calculate the remainder when 1402815 is divided by 454.
409
Calculate the remainder when 987517 is divided by 493748.
21
What is the remainder when 156581800 is divided by 1072478?
12
Calculate the remainder when 240251 is divided by 80025.
176
Calculate the remainder when 4026991 is divided by 6148.
51
What is the remainder when 896548 is divided by 7934?
6
What is the remainder when 129510 is divided by 75?
60
Calculate the remainder when 463496 is divided by 52.
20
Calculate the remainder when 165249 is divided by 270.
9
What is the remainder when 2222410 is divided by 578?
0
Calculate the remainder when 495538 is divided by 685.
283
Calculate the remainder when 1058369 is divided by 1050.
1019
What is the remainder when 2814600 is divided by 7464?
672
What is the remainder when 554878 is divided by 24?
22
What is the remainder when 2057190 is divided by 1366?
1360
What is the remainder when 799492 is divided by 57106?
8
What is the remainder when 32998391 is divided by 10999451?
38
What is the remainder when 144943 is divided by 36233?
11
What is the remainder when 299047320 is divided by 785?
0
What is the remainder when 1066089 is divided by 18358?
1325
What is the remainder when 448905 is divided by 11549?
10043
What is the remainder when 17407844 is divided by 73?
45
What is the remainder when 4650217 is divided by 969?
955
Calculate the remainder when 99228 is divided by 2550.
2328
Calculate the remainder when 5368200 is divided by 85.
25
Calculate the remainder when 13252 is divided by 6413.
426
Calculate the remainder when 1346736 is divided by 8.
0
Calculate the remainder when 1141051 is divided by 321.
217
Calculate the remainder when 4630857 is divided by 5696.
9
What is the remainder when 216216 is divided by 177?
99
Calculate the remainder when 15211 is divided by 14884.
327
Calculate the remainder when 99856 is divided by 33145.
421
Calculate the remainder when 11203020 is divided by 2499.
3
What is the remainder when 1112840 is divided by 19872?
8
Calculate the remainder when 72676638 is divided by 2745.
18
What is the remainder when 1164729 is divided by 145513?
625
What is the remainder when 11290600 is divided by 2666?
90
What is the remainder when 1152200 is divided by 1262?
1256
What is the remainder when 77007 is divided by 546?
21
What is the remainder when 123733 is divided by 1891?
818
Calculate the remainder when 2364084 is divided by 5538.
4896
What is the remainder when 3668880 is divided by 3668762?
118
What is the remainder when 1921353 is divided by 4744?
33
Calculate the remainder when 1001471 is divided by 338.
315
Calculate the remainder when 61504 is divided by 975.
79
Calculate the remainder when 1168026 is divided by 389323.
57
What is the remainder when 823006 is divided by 205751?
2
Calculate the remainder when 326675 is divided by 597.
116
What is the remainder when 14154083 is divided by 84?
83
Calculate the remainder when 2981694 is divided by 719.
1
Calculate the remainder when 3283208 is divided by 1580.
1548
What is the remainder when 427402 is divided by 38842?
140
What is the remainder when 2617262 is divided by 366?
362
What is the remainder when 249238 is divided by 445?
38
Calculate the remainder when 625781 is divided by 15644.
21
What is the remainder when 1367806 is divided by 757?
664
Calculate the remainder when 3945411 is divided by 249.
6
What is the remainder when 25968942 is divided by 80151?
18
What is the remainder when 316098 is divided by 35094?
252
Calculate the remainder when 16433930 is divided by 607.
12
Calculate the remainder when 299578 is divided by 24827.
1654
Calculate the remainder when 1244364 is divided by 3586.
22
Calculate the remainder when 265138563 is divided by 1239.
1236
Calculate the remainder when 1081192 is divided by 387.
301
What is the remainder when 637577 is divided by 8594?
1621
What is the remainder when 314173 is divided by 1602?
181
Calculate the remainder when 6772744 is divided by 3386370.
4
What is the remainder when 380555701 is divided by 99?
97
What is the remainder when 129533 is divided by 128475?
1058
What is the remainder when 15460857 is divided by 8730?
27
Calculate the remainder when 1498678 is divided by 2099.
2091
Calculate the remainder when 5362394 is divided by 7296.
7130
Calculate the remainder when 7198905 is divided by 4109.
4046
What is the remainder when 1110249 is divided by 644?
637
Calculate the remainder when 1070438 is divided by 465.
8
Calculate the remainder when 4050999 is divided by 618.
9
Calculate the remainder when 54967535 is divided by 117.
116
Calculate the remainder when 451062 is divided by 34683.
183
What is the remainder when 887793 is divided by 6207?
192
Calculate the remainder when 314497 is divided by 15193.
10637
What is the remainder when 1849548 is divided by 168134?
74
Calculate the remainder when 40999356 is divided by 270.
126
Calculate the remainder when 49524144 is divided by 82.
80
Calculate the remainder when 2706006 is divided by 4100.
6
What is the remainder when 71461266 is divided by 86?
82
What is the remainder when 886652 is divided by 147748?
164
Calculate the remainder when 4347593 is divided by 495.
8
What is the remainder when 38577622 is divided by 1564?
1562
Calculate the remainder when 6120599 is divided by 510047.
35
Calculate the remainder when 3356713 is divided by 58.
21
What is the remainder when 24382 is divided by 6065?
122
Calculate the remainder when 94597 is divided by 39.
22
What is the remainder when 4342643 is